3*k + 11 - 68. Calculate the remainder when i is divided by 8.
5
Suppose -3*t = 2*l - 72, -3*t - l = 16 - 85. Let q = 40 - 11. Let c = -21 + q. Calculate the remainder when t is divided by c.
6
Suppose -b + 3*b - 34 = 0. Suppose 64 = 3*u + 5*f, u - b - 11 = 5*f. What is the remainder when 43 is divided by u?
20
Let r be -1 + 0/(-5 + 2). Let f(w) = 10*w**2 - 1. Let n be f(r). Calculate the remainder when 11 is divided by n*3/(27/6).
5
Suppose 2*i - 3*i + 2*b = -20, -3*i + b = -80. Let r = -16 - -26. What is the remainder when i is divided by r?
8
Suppose 0 = 2*h - 2*m - 18, -2*h = 4*m + 1 - 7. What is the remainder when 60 is divided by h?
4
Suppose -3*r - 4*x = -16 - 20, 4*r - 5*x = 17. Let q = -7 + r. Suppose 3*v - 2 + 0 = d, -4*v + 2 = -2*d. What is the remainder when q is divided by v?
0
Suppose n = -3*n + 4*i, 15 = 4*n + i. Suppose n*g + 90 = -2*g - 3*v, -g - 20 = v. Let j = g - -26. Calculate the remainder when j is divided by 6.
5
Suppose 3*a + 15 + 102 = 0. Let f = a + 57. Calculate the remainder when 35 is divided by f.
17
Let y be (-11)/(-3) + (-6)/9. Suppose -5*a = 2*p - 26, -y*p + a + 4*a + 39 = 0. What is the remainder when 51 is divided by p?
12
Suppose 4*s - 2*z - 16 = 0, -2*s = -5*z + z - 2. What is the remainder when 28 is divided by s?
3
Suppose -2*g = 2*y - 10, -4*g - 3*y - 17 = -9*g. Calculate the remainder when 26 is divided by g.
2
Let n be (700/(-21))/((-2)/9). Suppose -4*y - n - 14 = 0. Let d = -21 - y. What is the remainder when 59 is divided by d?
19
Suppose -2*j - 28 + 90 = 0. What is the remainder when j is divided by 17?
14
Let h = -19 - -104. Calculate the remainder when h is divided by 23.
16
Let d = 44 + 13. What is the remainder when d is divided by 15?
12
Let g = -6 + 40. Calculate the remainder when 168 is divided by g.
32
Let t = 46 + -26. Let m = -14 + t. Let r(x) = -x**2 + 6*x + 4. Calculate the remainder when 7 is divided by r(m).
3
Suppose -q - 9 = -3*n, 3*q + 0 = 3*n - 3. Let l be (7/n)/(4/(-16)). Let a = 15 + l. Calculate the remainder when 22 is divided by a.
6
Suppose -740 = -3*r - 7*r. What is the remainder when r is divided by 19?
17
Let l(k) = k**2 + 8*k + 3. Let u be l(-6). Let r(h) = -h**2 - 12*h + 12. Calculate the remainder when r(u) is divided by 14.
11
Let o(v) = 39*v - 2 - 1 - 11*v. Calculate the remainder when o(2) is divided by (-43)/(-3) + 2/(-6).
11
Let a be 1 + 2*2 - 2. Let u = 12 - a. What is the remainder when (-3 + 93)/3 + -4 is divided by u?
8
Let h = -8 - -11. Suppose 3*u = l + l - 31, -u - 4*l + 13 = 0. Let f(q) = -q**2 - 8*q + 1. Calculate the remainder when f(u) is divided by h.
2
Let y be (22/(-6))/((-2)/6). Let c = 19 - y. Let j = -8 + 13. Calculate the remainder when c is divided by j.
3
Let y = 45 - 13. What is the remainder when y is divided by 7?
4
Let v(z) = 6*z - 1. Let b be v(-4). Calculate the remainder when 37 is divided by b/10*(-52)/10.
11
Suppose 11*p - 7*p = 152. Calculate the remainder when p is divided by 20.
18
Let t(k) = -14*k - 4. Let y be t(-7). Suppose -2*h + 0*h - l - 94 = 0, y = -2*h + l. Calculate the remainder when (-3)/2*-2 - h is divided by 17.
16
Suppose -3*w - 133 = -5*a + 198, 4*w + 488 = -5*a. Let y = 169 + w. Suppose 8 + y = 2*d. Calculate the remainder when d is divided by 11.
8
Suppose p = -10 + 26. Let x = 12 + -3. Calculate the remainder when p is divided by x.
7
Suppose j = -26 + 49. Calculate the remainder when 113 is divided by j.
21
Let i(v) be the second derivative of v**4/12 - v**3/6 - 4*v. Let j be i(5). Suppose -5*t = -j - 5. Calculate the remainder when t is divided by 2.
1
Suppose -2 + 6 = r. Suppose -62 = -3*q - 8. Suppose b - 2*s = 0, -6*b + b + q = -r*s. Calculate the remainder when 10 is divided by b.
4
Suppose -2*g + 4*l = -0*l - 6, -11 = 3*g + 4*l. Let o = 0 - -1. What is the remainder when (1/3)/g*-6 is divided by o?
0
Let z(n) = -18*n + 74. What is the remainder when z(-11) is divided by 21?
20
Let f = -32 + 56. Let a(h) = h**2 + 4*h - 5. Calculate the remainder when f is divided by a(-6).
3
Let o(f) = 2*f**2 - 10*f + 9. What is the remainder when o(6) is divided by 8?
5
Suppose 5*s - 5*m - 83 = 22, -12 = -3*m. Calculate the remainder when 66 is divided by s.
16
Let o = 3 - 4. Let j(k) = -54*k**3 - 2*k**2 - 2*k - 1. What is the remainder when j(o) is divided by 18?
17
Suppose w = 5 - 3. Suppose 0*d - w*d = 0. Let p = 2 + d. Calculate the remainder when 5 is divided by p.
1
Let m = -1 + 4. Suppose -d = -2*j - 14, -j = 3*d + 3*j + 8. Suppose 2*c + 0*c = -d*l + 54, -95 = -m*c + l. What is the remainder when c is divided by 11?
9
Suppose 0 = 5*j - 12 - 3, -5*i - 2*j + 166 = 0. What is the remainder when i is divided by 17?
15
Calculate the remainder when (-38)/(-4)*(20 + -16) is divided by 21.
17
Suppose 0 = 5*t - 10*t + 25. What is the remainder when t is divided by 2?
1
Suppose 5 = 3*r + 5*h - 0, -r + 15 = -5*h. Let g = r + -4. Let o(c) = -c**2 - 5*c - 4. What is the remainder when o(-3) is divided by g?
0
Calculate the remainder when 105/1 + (-16)/4 is divided by 34.
33
Let g = 1 + 15. Let p be -2*12*3/(-9). Let h = p + 1. Calculate the remainder when g is divided by h.
7
Suppose 20 - 62 = -2*r. Let x be (-3)/5 - 406/(-10). Let f = -29 + x. What is the remainder when r is divided by f?
10
Let t = -13 + 21. Suppose 4*b + 0*b - 56 = 0. What is the remainder when b is divided by t?
6
Suppose t + 4*c + 2 = -2, -c + 37 = 5*t. Suppose z - t = -2. Suppose -3*d = -6 - 6. Calculate the remainder when z is divided by d.
2
Suppose -44 - 58 = -6*x. What is the remainder when x is divided by 3?
2
Let y(o) = -o + 6. Let z be y(6). Let r(c) = -c + 13. What is the remainder when 50 is divided by r(z)?
11
Let s(b) = -13*b - 112. Calculate the remainder when s(-14) is divided by 15.
10
Let i(c) = 2*c - 4. Let v be i(5). Calculate the remainder when 44 is divided by ((-69)/v)/(2/(-4)).
21
Suppose -5*c + 5 = -10. Let f = 10 + -6. What is the remainder when f is divided by c?
1
Let c(j) = 3*j**2 - 5*j + 4. Let u(p) = p**2 - 2*p + 3. Let w be u(2). Calculate the remainder when c(w) is divided by 6.
4
Let z(l) = 0 - 9*l + l**2 + 6 + 2. Let c be z(8). Calculate the remainder when 0 - (c + 2) - -21 is divided by 7.
5
Let m be (-3)/((-2)/(-2) + -2). Let x(y) = 5*y + 2. Suppose 4*h = -3*g + 26, -3*g + 36 = 2*g + 3*h. Calculate the remainder when x(m) is divided by g.
5
Suppose -5*g + 0*g + 2*t = -140, 105 = 3*g + 3*t. Suppose 0*h + 4*h = -2*c + 16, 0 = -5*c - 5*h + g. What is the remainder when 6 is divided by c?
2
Let w(m) = -2*m**2 - 22*m - 11. What is the remainder when 43 is divided by w(-10)?
7
Suppose 2*z + 7 = 51. What is the remainder when 109 is divided by z?
21
Let n = 5 - 5. Suppose 3 + 24 = 3*i. What is the remainder when -2 + (24 - n) - -3 is divided by i?
7
Let t(c) = -15*c - 1. Let o = -3 + -2. What is the remainder when t(o) is divided by 19?
17
Suppose 6*l - 3*l - 9 = 0. Calculate the remainder when l is divided by 5/(-25) + (-32)/(-10).
0
Suppose 3*v + 4 - 34 = 0. Calculate the remainder when (-24)/(-9)*(-42)/(-4) is divided by v.
8
Let h(k) = k**2 - 4*k - 3. Calculate the remainder when 18 is divided by h(5).
0
Let a(x) = -2*x**2 - 35*x + 13. What is the remainder when 89 is divided by a(-17)?
29
Calculate the remainder when 119 is divided by 1/(-4) + (6237/28)/11.
19
Let j(a) = 2*a**2 - 4*a - 1. Suppose l + l = -2*f, l - 5*f - 18 = 0. Suppose 4 = 4*y - 12, y = 3*z - 2. Calculate the remainder when j(l) is divided by z.
1
Let d = -3 - -6. What is the remainder when (-5)/((-10)/8) - -3 is divided by d?
1
Calculate the remainder when -1*7*4/((-16)/20) is divided by 19.
16
Suppose 2*r = 3*q + 2*q + 241, 5*q + 226 = -3*r. Calculate the remainder when 19 is divided by q/(-4) - (-33)/(-44).
8
Let x = -13 + 29. Let q be x/(-12) + 2/(-3). Calculate the remainder when 22 is divided by q/(-3) + 34/3.
10
Let t = 5 - -4. Calculate the remainder when -30*(1/(-2) - 0) is divided by t.
6
Let c(p) = p - 2. Let l be c(4). Suppose 81 = 5*r - l*r + 2*v, 0 = v. Calculate the remainder when r is divided by (30/18)/((-1)/(-6)).
7
Suppose x = 5*x + 48. Let j(n) = -n**2 - 14*n - 13. What is the remainder when j(x) is divided by 3?
2
Let s(n) = n**2 + 2*n - 1. What is the remainder when 12 is divided by s(-4)?
5
Calculate the remainder when 2640/78 + 4/